{"id":457,"date":"2022-02-21T14:52:09","date_gmt":"2022-02-21T13:52:09","guid":{"rendered":"https:\/\/matribu.sygraf.fr\/?page_id=457"},"modified":"2022-02-21T15:10:49","modified_gmt":"2022-02-21T14:10:49","slug":"instruire-notre-tribu-en-voyage-comment-faire","status":"publish","type":"page","link":"https:\/\/matribu.sygraf.fr\/?page_id=457","title":{"rendered":"Instruire notre tribu en voyage, comment faire?"},"content":{"rendered":"\n<p class=\"has-accent-1-color has-text-color has-large-font-size\"><strong>Instruire notre tribu en voyage, comment faire?<\/strong><\/p>\n\n\n\n<p>Un projet comme celui-ci se pr\u00e9pare, et bien que les conditions sanitaires ne nous ont pas forc\u00e9ment aid\u00e9es dans cette d\u00e9marche, Matt et moi savions que nous devions pr\u00e9parer comme nous le pouvions la partie instruction de L\u00e9a et Thomas.<\/p>\n\n\n\n<p>Facile \u00e0 dire, et pourtant pas si facile \u00e0 faire. <strong>Nous ne pr\u00e9tendons ni l\u2019un ni l\u2019autre \u00eatre instit ou prof<\/strong>, car ces m\u00e9tiers ont vraiment une part importante dans l\u2019instruction de nos jeunes.<\/p>\n\n\n\n<div class=\"wp-block-media-text alignwide is-stacked-on-mobile is-vertically-aligned-center\" style=\"grid-template-columns:27% auto\"><figure class=\"wp-block-media-text__media\"><img loading=\"lazy\" width=\"522\" height=\"417\" src=\"https:\/\/matribu.sygraf.fr\/wp-content\/uploads\/2022\/01\/52e3b622-5c89-472c-8109-07e1dca43456.jpg\" alt=\"\" class=\"wp-image-219 size-full\" srcset=\"https:\/\/matribu.sygraf.fr\/wp-content\/uploads\/2022\/01\/52e3b622-5c89-472c-8109-07e1dca43456.jpg 522w, https:\/\/matribu.sygraf.fr\/wp-content\/uploads\/2022\/01\/52e3b622-5c89-472c-8109-07e1dca43456-300x240.jpg 300w, https:\/\/matribu.sygraf.fr\/wp-content\/uploads\/2022\/01\/52e3b622-5c89-472c-8109-07e1dca43456-376x300.jpg 376w\" sizes=\"(max-width: 522px) 100vw, 522px\" \/><\/figure><div class=\"wp-block-media-text__content\">\n<p>Alors, oui nous avons d\u00e9cid\u00e9 de partir pendant une partie de l\u2019ann\u00e9e scolaire de nos enfants. Oui, nous avons conscience que nous devons continuer leur instruction. Oui, nous savons que c\u2019est un d\u00e9fi. Mais qui sur cette Terre, ne souhaite-il pas oser et tenter l\u2019aventure&nbsp;?<\/p>\n<\/div><\/div>\n\n\n\n<p><\/p>\n\n\n\n<p>Nous avons donc vu le directeur du coll\u00e8ge de L\u00e9a et la directrice de l\u2019\u00e9cole de Thomas en septembre 2021, bien que nous ayons d\u00e9j\u00e0 mentionn\u00e9 ce projet bien avant. Il nous paraissaient important de pr\u00e9parer ce voyage, en ayant l\u2019accord des \u00e9tablissements.<\/p>\n\n\n\n<p class=\"has-accent-2-color has-text-color\"><strong>Concr\u00e8tement, cela donne quoi pour notre tribu&nbsp;?<\/strong><\/p>\n\n\n\n<p>Mon activit\u00e9 en tant qu\u2019ind\u00e9pendante conceptrice paysagiste, me permet de g\u00e9rer mon temps comme je le souhaite. Ainsi, j\u2019ai pris ce temps pour feuilleter et rechercher les programmes correspondants \u00e0 nos enfants.<\/p>\n\n\n\n<p>Un des gros avantages d\u2019internet est de trouver tout ce que l\u2019on cherche. Tout veut tout dire, car c&rsquo;est \u00e0 chacun de savoir v\u00e9rifier l&rsquo;exactitude des infos trouv\u00e9es sur internet.<\/p>\n\n\n\n<p>Ainsi j\u2019ai cr\u00e9\u00e9 un dossier avec les cours que les enfants auront besoin durant cette p\u00e9riode, et cela dans chaque mati\u00e8re (des sortes de tests de niveau \u2013 les ceintures de grammaire, math, etc..) qui permettaient \u00e0 L\u00e9a et Thomas de changer de support et de la routine, et \u00e0 nous de savoir ce qui \u00e9tait acquis ou pas&nbsp;!<\/p>\n\n\n\n<p>Nous avons \u00e9galement <strong>la chance d&rsquo;\u00eatre soutenu par les \u00e9tablissements de L\u00e9a et Thomas dans notre projet<\/strong>. Un soutien de taille, qui nous permet <strong>d&rsquo;anticiper un maximum l&rsquo;organisation pour l&rsquo;instruction de nos enfants.<\/strong><\/p>\n\n\n\n<p>J\u2019ai&nbsp;donc pr\u00e9par\u00e9 un tableau excel, pour mettre des dates sur chaque chapitre pr\u00e9vu pour voir si on tenait le cap&nbsp;! J\u2019ai&nbsp;t\u00e9l\u00e9charg\u00e9 avant de partir des fichiers compl\u00e9mentaires&nbsp;sur les diff\u00e9rents apprentissages<\/p>\n\n\n\n<p>En accord avec les \u00e9tablissements, nous pensons r\u00e9aliser les cours durant certains cr\u00e9neaux de la journ\u00e9e, et r\u00e9aliser les \u00e9valuations \u00e0 titre personnel. <strong>Le but de tout cela, n\u2019est pas de montrer ce que les enfants ont pu r\u00e9aliser comme mati\u00e8re, mais au contraire, expliquer les acquis \u00e0 la fin de ce voyage aupr\u00e8s des deux \u00e9tablissements.<\/strong><\/p>\n\n\n\n<p>Un des gros avantages pour notre fille L\u00e9a, est qu\u2019elle r\u00e9alise sa scolarit\u00e9 \u00e0 l\u2019aide d\u2019une tablette. Quoi, de plus pratique pour continuer sa scolarit\u00e9 \u00e0 distance&nbsp;? L\u00e9a pourra donc suivre ses cours \u00e0 distance sans difficult\u00e9, mais \u00e9galement par le biais de copines qui lui transmettront des infos en ligne. Quant \u00e0 Thomas, son ma\u00eetre Damien propose gentiment de faire un panel des notions \u00e0 atteindre et de nous les transmettre avant notre grand voyage.<\/p>\n\n\n\n<p>Il existe \u00e9galement la m\u00e9thode de \u00ab\u00a0j&rsquo;imprime, je br\u00fble. Technique peut-\u00eatre un peu barbare. Il s&rsquo;agit d&rsquo;imprimer les cours, et au fur et \u00e0 mesure de l\u2019acquisition des comp\u00e9tences, les br\u00fbler afin de ne pas voyager avec 300 feuilles dans les sacs \u00e0 dos. A vous de voir, celle qui vous parle le plus.<\/p>\n\n\n\n<p><strong>Alors, oui, cela demande du temps, oui cela demande de l&rsquo;investissement, oui cela demande de l&rsquo;\u00e9nergie&#8230; mais au final il nous semble que cette exp\u00e9rience offrira de beaux moments pour notre tribu.<\/strong><\/p>\n\n\n\n<div class=\"wp-block-image\"><figure class=\"aligncenter size-large\"><img loading=\"lazy\" width=\"1024\" height=\"576\" src=\"https:\/\/matribu.sygraf.fr\/wp-content\/uploads\/2022\/01\/IMG_20211023_180841-1024x576.jpg\" alt=\"\" class=\"wp-image-221\" srcset=\"https:\/\/matribu.sygraf.fr\/wp-content\/uploads\/2022\/01\/IMG_20211023_180841-1024x576.jpg 1024w, https:\/\/matribu.sygraf.fr\/wp-content\/uploads\/2022\/01\/IMG_20211023_180841-300x169.jpg 300w, https:\/\/matribu.sygraf.fr\/wp-content\/uploads\/2022\/01\/IMG_20211023_180841-768x432.jpg 768w, https:\/\/matribu.sygraf.fr\/wp-content\/uploads\/2022\/01\/IMG_20211023_180841-1536x864.jpg 1536w, https:\/\/matribu.sygraf.fr\/wp-content\/uploads\/2022\/01\/IMG_20211023_180841-2048x1152.jpg 2048w, https:\/\/matribu.sygraf.fr\/wp-content\/uploads\/2022\/01\/IMG_20211023_180841-421x237.jpg 421w\" sizes=\"(max-width: 1024px) 100vw, 1024px\" \/><\/figure><\/div>\n","protected":false},"excerpt":{"rendered":"<p>Instruire notre tribu en voyage, comment faire? Un projet comme celui-ci se pr\u00e9pare, et bien que les conditions sanitaires ne nous ont pas forc\u00e9ment aid\u00e9es &hellip;<\/p>\n","protected":false},"author":1,"featured_media":467,"parent":0,"menu_order":0,"comment_status":"closed","ping_status":"closed","template":"","meta":[],"_links":{"self":[{"href":"https:\/\/matribu.sygraf.fr\/index.php?rest_route=\/wp\/v2\/pages\/457"}],"collection":[{"href":"https:\/\/matribu.sygraf.fr\/index.php?rest_route=\/wp\/v2\/pages"}],"about":[{"href":"https:\/\/matribu.sygraf.fr\/index.php?rest_route=\/wp\/v2\/types\/page"}],"author":[{"embeddable":true,"href":"https:\/\/matribu.sygraf.fr\/index.php?rest_route=\/wp\/v2\/users\/1"}],"replies":[{"embeddable":true,"href":"https:\/\/matribu.sygraf.fr\/index.php?rest_route=%2Fwp%2Fv2%2Fcomments&post=457"}],"version-history":[{"count":2,"href":"https:\/\/matribu.sygraf.fr\/index.php?rest_route=\/wp\/v2\/pages\/457\/revisions"}],"predecessor-version":[{"id":470,"href":"https:\/\/matribu.sygraf.fr\/index.php?rest_route=\/wp\/v2\/pages\/457\/revisions\/470"}],"wp:featuredmedia":[{"embeddable":true,"href":"https:\/\/matribu.sygraf.fr\/index.php?rest_route=\/wp\/v2\/media\/467"}],"wp:attachment":[{"href":"https:\/\/matribu.sygraf.fr\/index.php?rest_route=%2Fwp%2Fv2%2Fmedia&parent=457"}],"curies":[{"name":"wp","href":"https:\/\/api.w.org\/{rel}","templated":true}]}}