{"id":665,"date":"2022-02-28T12:45:57","date_gmt":"2022-02-28T11:45:57","guid":{"rendered":"https:\/\/matribu.sygraf.fr\/?page_id=665"},"modified":"2022-02-28T13:04:32","modified_gmt":"2022-02-28T12:04:32","slug":"carnet-de-voyage-enfants","status":"publish","type":"page","link":"https:\/\/matribu.sygraf.fr\/?page_id=665","title":{"rendered":"Carnet de voyage des enfants"},"content":{"rendered":"\n<p class=\"has-accent-1-color has-text-color has-large-font-size\"><strong>Carnet de voyage des enfants <\/strong><\/p>\n\n\n\n<p>Ici, place \u00e0 la parole de L\u00e9a et Thomas.<\/p>\n\n\n\n<blockquote class=\"wp-block-quote has-text-align-center\"><p>\u00bfEst\u00e1s listo para viajar con ellos?<\/p><\/blockquote>\n\n\n\n<blockquote class=\"wp-block-quote has-text-align-center\"><p>Are you ready to travel with them?<\/p><\/blockquote>\n\n\n\n<blockquote class=\"wp-block-quote has-text-align-center\"><p>\u00cates-vous pr\u00eats \u00e0 voyager avec eux?<\/p><\/blockquote>\n\n\n\n<div class=\"wp-block-columns\">\n<div class=\"wp-block-column\">\n<div class=\"wp-block-image\"><figure class=\"aligncenter size-large is-resized\"><img loading=\"lazy\" src=\"https:\/\/matribu.sygraf.fr\/wp-content\/uploads\/2022\/02\/DE454BE3-4472-465A-8066-9882285CB05C-768x1024.jpeg\" alt=\"\" class=\"wp-image-682\" width=\"293\" height=\"389\"\/><\/figure><\/div>\n<\/div>\n\n\n\n<div class=\"wp-block-column\">\n<div class=\"wp-block-image\"><figure class=\"aligncenter size-large\"><img loading=\"lazy\" width=\"768\" height=\"1024\" src=\"https:\/\/matribu.sygraf.fr\/wp-content\/uploads\/2022\/02\/BDE2FF48-BABC-411E-9BFF-2F3FC655E28E-768x1024.jpeg\" alt=\"\" class=\"wp-image-600\" srcset=\"https:\/\/matribu.sygraf.fr\/wp-content\/uploads\/2022\/02\/BDE2FF48-BABC-411E-9BFF-2F3FC655E28E-768x1024.jpeg 768w, https:\/\/matribu.sygraf.fr\/wp-content\/uploads\/2022\/02\/BDE2FF48-BABC-411E-9BFF-2F3FC655E28E-225x300.jpeg 225w, https:\/\/matribu.sygraf.fr\/wp-content\/uploads\/2022\/02\/BDE2FF48-BABC-411E-9BFF-2F3FC655E28E-1152x1536.jpeg 1152w, https:\/\/matribu.sygraf.fr\/wp-content\/uploads\/2022\/02\/BDE2FF48-BABC-411E-9BFF-2F3FC655E28E-1536x2048.jpeg 1536w, https:\/\/matribu.sygraf.fr\/wp-content\/uploads\/2022\/02\/BDE2FF48-BABC-411E-9BFF-2F3FC655E28E-scaled.jpeg 1920w\" sizes=\"(max-width: 768px) 100vw, 768px\" \/><\/figure><\/div>\n<\/div>\n<\/div>\n","protected":false},"excerpt":{"rendered":"<p>Carnet de voyage des enfants Ici, place \u00e0 la parole de L\u00e9a et Thomas. \u00bfEst\u00e1s listo para viajar con ellos? Are you ready to travel &hellip;<\/p>\n","protected":false},"author":1,"featured_media":666,"parent":0,"menu_order":0,"comment_status":"closed","ping_status":"closed","template":"","meta":[],"_links":{"self":[{"href":"https:\/\/matribu.sygraf.fr\/index.php?rest_route=\/wp\/v2\/pages\/665"}],"collection":[{"href":"https:\/\/matribu.sygraf.fr\/index.php?rest_route=\/wp\/v2\/pages"}],"about":[{"href":"https:\/\/matribu.sygraf.fr\/index.php?rest_route=\/wp\/v2\/types\/page"}],"author":[{"embeddable":true,"href":"https:\/\/matribu.sygraf.fr\/index.php?rest_route=\/wp\/v2\/users\/1"}],"replies":[{"embeddable":true,"href":"https:\/\/matribu.sygraf.fr\/index.php?rest_route=%2Fwp%2Fv2%2Fcomments&post=665"}],"version-history":[{"count":6,"href":"https:\/\/matribu.sygraf.fr\/index.php?rest_route=\/wp\/v2\/pages\/665\/revisions"}],"predecessor-version":[{"id":684,"href":"https:\/\/matribu.sygraf.fr\/index.php?rest_route=\/wp\/v2\/pages\/665\/revisions\/684"}],"wp:featuredmedia":[{"embeddable":true,"href":"https:\/\/matribu.sygraf.fr\/index.php?rest_route=\/wp\/v2\/media\/666"}],"wp:attachment":[{"href":"https:\/\/matribu.sygraf.fr\/index.php?rest_route=%2Fwp%2Fv2%2Fmedia&parent=665"}],"curies":[{"name":"wp","href":"https:\/\/api.w.org\/{rel}","templated":true}]}}